Is f a prime number?
True
Let h(a) = 2*a - 4*a**2 + 6*a**2 + 2 + 2*a. Let m be h(-2). Suppose -m*f = -0*f - 98. Is f prime?
False
Let t(v) = -v**2 + 6*v - 4. Let s be t(3). Suppose -s*u + u = -124. Is u a composite number?
False
Let k(p) be the third derivative of p**6/30 - p**5/15 - 5*p**4/24 + p**3/3 + 8*p**2. Is k(5) a prime number?
False
Suppose -2*o - 8 = 5*y - y, 3*y + 4*o = -16. Suppose 4*m = -4*s + 17 + 11, y = -5*s + 4*m + 26. Is s composite?
True
Suppose 4*b - 151 = 3*d, -204 = 4*d - 3*b - b. Let k = 5 - d. Let q = 69 + k. Is q a prime number?
True
Suppose -1318 = -8*o + 466. Is o a prime number?
True
Let m be 5/(10/(-4)) + 661. Suppose -5*v + m = -3*y, 5*y + 2*v = 2*y - 631. Is (y/(-6))/(2/4) prime?
True
Let o = 1912 + -371. Is o a prime number?
False
Let v = 17 + -14. Suppose v*h - 566 = -2*o - 0*o, -o + 2*h = -297. Is o composite?
True
Let b(w) = -w**2 - 3*w. Let j be 4/(-6) - (-12)/(-9). Let k be b(j). Suppose -2*v + k*x = 1 - 5, 2*x = 0. Is v a prime number?
True
Let j = 1983 - 1004. Is j composite?
True
Let m(z) = 2*z**2 + z - 1. Let b be m(1). Suppose 3*u - 528 = b*u. Suppose -97 = 4*q + 5*y - 585, 4*q = 5*y + u. Is q a composite number?
False
Let t be 2*-3*15/6. Let y = t - -106. Is y composite?
True
Suppose -153 = -2*p + 2*f + 907, -3*f + 2674 = 5*p. Suppose 3*a = -50 + p. Is a a composite number?
True
Let t = 1 + 1. Let h be (-36)/(-5) + t/(-10). Suppose -306 = -2*o - 4*f, -2*o - 3*f - 817 = -h*o. Is o a prime number?
False
Let z = 769 - 182. Is z a prime number?
True
Let y be (-4)/2 + 3 + -1. Let v(o) = o**3 - 8*o**2 + 8*o + 4. Let f be v(7). Suppose y*x + f = x. Is x prime?
True
Let k = -11 - 0. Let f = 210 - k. Is f prime?
False
Is 75 + (-7)/(35/(-10)) a composite number?
True
Is (-206)/(-3)*(-33)/(-22) prime?
True
Suppose 0*v + 14 = 2*v + 2*x, -x + 35 = 5*v. Suppose -3*j + v*j = 8. Is (j - 2 - 1)*-37 composite?
False
Let d be 1 - -11*(1 - 10). Is d/(-2) - (-2 + 5) prime?
False
Let a = 932 - 613. Let v = 452 - a. Is v composite?
True
Suppose -t + 57 = 2*x - 254, 2*t + 3*x = 619. Is t a composite number?
True
Let y(b) = 35*b**3 + 3*b**2 - b - 4. Let w be y(2). Suppose 3*x - w = m - 31, -5*x + 2*m = -425. Is x composite?
True
Suppose -7380 = -7*v - 359. Is v a prime number?
False
Suppose -177 = -4*d + 347. Is d a prime number?
True
Let l be (-2)/3 - (-80)/30. Suppose -2*j + 526 = l*t, -578 = -3*j + 2*t + 191. Is j a composite number?
True
Let m(v) = -v - 5. Let n be m(-8). Is 146 - (n + (3 - 3)) a composite number?
True
Let o(a) = -a + 209. Is o(0) a prime number?
False
Let x be 2/(-6)*1*-3. Let y be x/3*3 + -3. Is -19*1*-1 - y a prime number?
False
Suppose 0 = -g - 3, -3*u + 5*g = -2*u - 106. Is u a composite number?
True
Is ((-358)/3)/((-2)/3) composite?
False
Suppose 4 + 11 = -3*p. Let x(v) = -v**2 - 6*v - 2. Let l be x(p). Let z(y) = y**2 + y + 1. Is z(l) a prime number?
True
Suppose y + 3*r = -3*y, 28 = 4*y - 4*r. Suppose 3*t - 10 + 61 = 3*b, y*b - 65 = -4*t. Is b prime?
True
Let w = -16 + 19. Let d be 108/11 - 2/(-11). Let a = d - w. Is a composite?
False
Suppose 4*m - 4 = 0, -4*l - 5 - 2 = -3*m. Let x(v) = -115*v**3 - v**2 - v. Is x(l) a composite number?
True
Let h = 214 + -125. Is h composite?
False
Let f(g) = 37*g + 1. Is f(6) prime?
True
Suppose 590 = 3*h - 817. Is h a prime number?
False
Suppose 2*h + 9 = 1. Is (-3 - -1)*374/h a composite number?
True
Suppose -4*g + 2 = -2*x, -3*x + 3*g = -1 + 10. Let s be (-4)/2 - 1*x. Suppose 5*z = s*k - 67, -3*k - 7 + 29 = 4*z. Is k prime?
False
Suppose 1457 = 2*n + 565. Suppose -52 = -3*b + n. Is b a prime number?
False
Suppose 5015 = 105*r - 100*r. Is r composite?
True
Suppose 3*c - 1703 = 5*a, -567 = -c - 0*c + 2*a. Is c a composite number?
False
Let h(t) = 9*t**2 + 2*t - 1. Let o be 1*(0 + 10 - 1). Let f be 6/o*6/4. Is h(f) composite?
True
Let s(i) = 200*i**2 - 3*i + 3. Let v be s(2). Suppose -5*d = 132 - v. Is d composite?
True
Let k = -170 + 907. Is k a prime number?
False
Let m = 1734 - 903. Is m a prime number?
False
Is (-2)/4*(0 + -314) prime?
True
Let j be 57/21 - (-2)/7. Suppose 5*r = 10, -3*m + 449 = -j*r - 2*r. Suppose 0 = d + 2*d - m. Is d prime?
False
Let y(s) = s**2 + 5*s + 3. Let g be y(-4). Is (-3)/1 - 14/g a composite number?
False
Is 12/(-3)*-45 - 3 a prime number?
False
Let n be 1/(38/(-39) - -1). Suppose -5*z - n - 61 = 0. Let h = z - -34. Is h composite?
True
Let j = 1079 - 634. Is j composite?
True
Suppose -53*d = -47*d - 3318. Is d composite?
True
Let d(g) = -g**2 + 14*g - 15. Let t be d(10). Suppose -y + t = 3*i, -5*i + 3*i + 2 = 0. Is y a prime number?
False
Let k(z) = 2*z - 12. Let q be k(8). Suppose q*t = -n + 47, t + 235 = 4*n + n. Is n composite?
False
Let g = -4 - -6. Suppose 3*j - 561 - 100 = -g*f, -348 = -f - 5*j. Is f prime?
False
Let m = 687 - 461. Is m a composite number?
True
Let x(q) = -q + 8. Let l be x(10). Is 1463/5 + l/(-5) a prime number?
True
Let a = -81 + 79. Let l be (34/(-4))/((-2)/(-4)). Let q = a - l. Is q a prime number?
False
Suppose 3*q - 26 = 5*p, -p = 8*q - 3*q - 6. Let a = -16 - -47. Is a + 0*q/(-6) composite?
False
Suppose 1146 - 254 = 4*h. Is h a prime number?
True
Suppose a - 5502 = g, -3*a = 2*g + 2*g - 16541. Is a prime?
True
Suppose 3*n + 106 + 364 = -4*u, -n - 164 = 5*u. Let b = 295 + n. Is b composite?
True
Let v(l) be the third derivative of l**5/12 + l**4/24 - l**3/6 + 4*l**2. Is v(9) composite?
True
Let n = 709 - 386. Is n prime?
False
Let b = 690 - 170. Let v = b - 66. Is v composite?
True
Suppose 232 + 150 = 2*k - 4*m, k + 5*m - 191 = 0. Is k prime?
True
Let g = 251 + 130. Let c = g + -224. Is c a composite number?
False
Suppose 5*s = -4*z + 720, -5*z - 2*s = -0*s - 917. Is z a prime number?
False
Let l(p) = -p**3 - 6*p**2 - 4*p + 5. Let q be l(-5). Suppose 0 = -4*z - q*v + 4*v + 1308, -3*v = -12. Is z a composite number?
False
Let f(c) = -15*c - 5. Let p = 9 + -5. Suppose -6*a + p*a = 8. Is f(a) a prime number?
False
Suppose -5 + 1 = -2*u. Suppose 0 = u*c - 202 - 592. Is c prime?
True
Let z(l) = l**3 + 5*l**2 - 6*l - 2. Let s be z(-6). Let g be 5/s*(-1 - 5). Suppose g = b + 4*u, 0*b + 2*b - 48 = u. Is b a composite number?
False
Suppose -4*i = -2*r - 614, 3*i - 453 = 3*r + 3. Is i a prime number?
False
Let p(n) = -9*n**3 - 7*n**2 - 4*n + 9. Is p(-4) prime?
False
Let c(k) = -k**3 - 2*k + 3571. Is c(0) prime?
True
Suppose 0 = 4*z + 50446 - 11278. Is (-8)/(-40) + z/(-15) composite?
False
Let y = 9 - 9. Suppose y = 3*a - 39 - 228. Is a prime?
True
Suppose -5*u + 183 = 2*t, -u + 36 = -4*t - 5. Is u a prime number?
True
Suppose 4*w + 2*h = 8, 3*w = -w - 4*h + 8. Let o(f) = 8 + w*f - 6*f - 6*f + f. Is o(-6) a prime number?
False
Suppose 5*u - 13 = -3*j, -u + 0*u = -2*j - 13. Suppose 0 = u*q - 13 - 7, -277 = -y - 5*q. Is y a composite number?
False
Is (-2150)/(-70) + (-2)/(-7) composite?
False
Suppose 9*z - 556 = 7*z. Is (z/(-5))/(6/(-15)) composite?
False
Suppose 64 - 18 = 3*i - 4*n, 0 = -2*i - n + 27. Suppose c + 3 + 0 = 0. Let h = c + i. Is h composite?
False
Let j(d) = -5705*d**3 - d**2 - d. Let s be j(-1). Suppose -i - s = -6*i. Is i composite?
True
Suppose 5*b + 4 - 15 = -3*c, -5*b + 3 = -c. Suppose 0*o + c*o - 4*s - 206 = 0, -3*s - 480 = -5*o. Is o a composite number?
True
Let r(j) = 7*j**3 - 22*j**2 + j + 6. Let m(v) = -10*v**3 + 33*v**2 - v - 9. Let o(c) = 5*m(c) + 7*r(c). Is o(5) prime?
True
Suppose 0 = -5*j + 1381 - 121. Let q = j - 95. Is q a composite number?
False
Let l(z) = -z**3 + z. Let w be l(2). Is -26*(3/w - 0) a composite number?
False
Is (-2516)/(-6) - (-3)/(-9) a composite number?
False
Let b(z) = z**2 - 8*z - 7. Let h be b(11). Let a = h + -7. Is a prime?
True
Is 12/9*-3 - -115 a prime number?
False
Let l = 6 + 27. Suppose 0 = -5*f + v - 86, 0*f - 4*v - 34 = f. Let w = f + l. Is w a prime number?
False
Let u(s) = -2*s**3 - 7*s**2 + 2*s - 10. Let o(n) = n**3 + 7*n**2 - 2*n + 9. Let x(f) = 3*o(f) + 2*u(f). Let l = -5 + 11. Is x(l) composite?
False
Suppose 20 = -2*o + 4*j + j, -16 = -5*o - 4*j. Let x(y) be the first derivative of y**2/2 + 14*y + 2. Is x(o) a prime number?
False
Let v(b) = 9*b**2 + 0*b**3 + 5*b**3 - 6*b**3 - 4*b - 5. Suppose -2*u - 7 = -19. Is v(u) a composite number?
False
Is (-5679)/(-153) - 4/34 a composite number?
False
Let d be (-50)/(-18) - 2/(-9). Suppose -2*f - 14 